en thousands digit of 27069403?
6
What is the units digit of 47934396?
6
What is the thousands digit of 64772612?
2
What is the thousands digit of 5877818?
7
What is the units digit of 153388664?
4
What is the units digit of 160825605?
5
What is the units digit of 7587022981?
1
What is the ten thousands digit of 632616806?
1
What is the hundred millions digit of 2466807841?
4
What is the thousands digit of 1444618838?
8
What is the hundred millions digit of 398831582?
3
What is the millions digit of 3791585871?
1
What is the ten thousands digit of 1121079319?
7
What is the hundred thousands digit of 1194602203?
6
What is the tens digit of 494654917?
1
What is the hundreds digit of 23427013?
0
What is the units digit of 491256069?
9
What is the thousands digit of 1642708?
2
What is the millions digit of 15623637?
5
What is the hundred millions digit of 3642284354?
6
What is the millions digit of 150183537?
0
What is the hundred millions digit of 352170660?
3
What is the tens digit of 2708290955?
5
What is the units digit of 105626825?
5
What is the tens digit of 194113421?
2
What is the hundred millions digit of 447091561?
4
What is the ten millions digit of 73142673?
7
What is the hundred thousands digit of 42828367?
8
What is the units digit of 614107551?
1
What is the hundreds digit of 24871629?
6
What is the hundred millions digit of 240885716?
2
What is the tens digit of 16157297?
9
What is the ten millions digit of 166309859?
6
What is the hundreds digit of 3033742056?
0
What is the ten thousands digit of 80898780?
9
What is the ten millions digit of 4380650111?
8
What is the ten thousands digit of 85419622?
1
What is the millions digit of 659058372?
9
What is the hundred millions digit of 118946591?
1
What is the hundred thousands digit of 18773488?
7
What is the millions digit of 108960720?
8
What is the ten millions digit of 151450027?
5
What is the ten thousands digit of 739440548?
4
What is the tens digit of 6283818?
1
What is the ten millions digit of 358465304?
5
What is the tens digit of 261245278?
7
What is the ten millions digit of 105347195?
0
What is the thousands digit of 1811119521?
9
What is the hundred millions digit of 534871744?
5
What is the hundred thousands digit of 40016468?
0
What is the millions digit of 121023383?
1
What is the thousands digit of 56699749?
9
What is the hundreds digit of 36992932?
9
What is the tens digit of 5536345?
4
What is the tens digit of 28406185?
8
What is the ten thousands digit of 49421735?
2
What is the units digit of 25827235?
5
What is the millions digit of 3873791859?
3
What is the tens digit of 456965409?
0
What is the units digit of 6070105640?
0
What is the hundred thousands digit of 230396650?
3
What is the thousands digit of 466222845?
2
What is the units digit of 69759091?
1
What is the hundred millions digit of 3856458127?
8
What is the hundreds digit of 63094268?
2
What is the ten millions digit of 473764223?
7
What is the thousands digit of 27582215?
2
What is the hundred thousands digit of 49065172?
0
What is the hundred thousands digit of 1200101768?
1
What is the hundred thousands digit of 373592211?
5
What is the tens digit of 97932086?
8
What is the ten millions digit of 128687685?
2
What is the billions digit of 1625371563?
1
What is the thousands digit of 27923714?
3
What is the ten millions digit of 44718312?
4
What is the ten thousands digit of 1767533?
6
What is the hundreds digit of 5084237729?
7
What is the units digit of 23243380?
0
What is the millions digit of 4877933673?
7
What is the units digit of 3080621415?
5
What is the tens digit of 5096897217?
1
What is the hundred millions digit of 602068285?
6
What is the tens digit of 5465157603?
0
What is the tens digit of 50488468?
6
What is the thousands digit of 131483820?
3
What is the ten millions digit of 75838042?
7
What is the tens digit of 1874155545?
4
What is the ten millions digit of 458562851?
5
What is the hundreds digit of 2917867443?
4
What is the tens digit of 440857534?
3
What is the thousands digit of 43697350?
7
What is the millions digit of 451040603?
1
What is the tens digit of 296282800?
0
What is the hundreds digit of 101700349?
3
What is the units digit of 91884166?
6
What is the billions digit of 1590419846?
1
What is the units digit of 2151851809?
9
What is the hundred thousands digit of 1206395100?
3
What is the hundred millions digit of 1342335062?
3
What is the tens digit of 722502164?
6
What is the units digit of 365079368?
8
What is the ten thousands digit of 132183933?
8
What is the ten thousands digit of 3807172620?
7
What is the billions digit of 3428663355?
3
What is the hundred millions digit of 637636431?
6
What is the thousands digit of 363844329?
4
What is the hundred millions digit of 552660612?
5
What is the ten thousands digit of 8726911751?
1
What is the tens digit of 929029629?
2
What is the millions digit of 1743600202?
3
What is the tens digit of 1713815598?
9
What is the hundreds digit of 13198778?
7
What is the ten millions digit of 39287353?
3
What is the units digit of 69729619?
9
What is the ten thousands digit of 130644721?
4
What is the thousands digit of 54092894?
2
What is the tens digit of 818560031?
3
What is the units digit of 26249382?
2
What is the hundred thousands digit of 3803842885?
8
What is the hundreds digit of 216610414?
4
What is the tens digit of 5377885?
8
What is the thousands digit of 200616274?
6
What is the hundred thousands digit of 389012183?
0
What is the units digit of 25018822?
2
What is the ten thousands digit of 32914073?
1
What is the hundreds digit of 514629654?
6
What is the tens digit of 528715406?
0
What is the tens digit of 259356812?
1
What is the tens digit of 1480860?
6
What is the ten thousands digit of 1084701437?
0
What is the thousands digit of 300045854?
5
What is the hundred thousands digit of 41159685?
1
What is the hundred millions digit of 366674890?
3
What is the tens digit of 139971419?
1
What is the ten thousands digit of 278685007?
8
What is the thousands digit of 1744931418?
1
What is the hundreds digit of 322231165?
1
What is the hundred thousands digit of 257664887?
6
What is the millions digit of 270680494?
0
What is the thousands digit of 306737844?
7
What is the thousands digit of 2375364?
5
What is the hundreds digit of 4657776779?
7
What is the units digit of 70738905?
5
What is the tens digit of 2147577044?
4
What is the ten thousands digit of 507083070?
8
What is the hundred millions digit of 1238590261?
2
What is the millions digit of 20721706?
0
What is the hundreds digit of 56270801?
8
What is the millions digit of 231567276?
1
What is the units digit of 14542996?
6
What is the units digit of 112294562?
2
What is the billions digit of 3156569170?
3
What is the millions digit of 134831970?
4
What is the ten thousands digit of 137528893?
2
What is the hundred thousands digit of 40475979?
4
What is the ten thousands digit of 231220444?
2
What is the hundreds digit of 81377918?
9
What is the units digit of 2016575?
5
What is the ten millions digit of 2943127528?
4
What is the tens digit of 210412289?
8
What is the millions digit of 134216432?
4
What is the hundred thousands digit of 182534152?
5
What is the hundred millions digit of 4793653019?
7
What is the thousands digit of 913953851?
3
What is the ten thousands digit of 229842789?
4
What is the millions digit of 2454423963?
4
What is the units digit of 1103174512?
2
What is the millions digit of 2780180?
2
What is the ten millions digit of 1205768677?
0
What is the tens digit of 1397382191?
9
What is the tens digit of 197441278?
7
What is the thousands digit of 518957920?
7
What is the thousands digit of 75167886?
7
What is the millions digit of 41694204?
1
What is the hundreds digit of 3032488727?
7
What is the units digit of 15270989?
9
What is the thousands digit of 476470443?
0
What is the ten thousands digit of 1261447243?
4
What is the units digit of 982040211?
1
What is the tens digit of 744134738?
3
What is the ten millions digit of 48714491?
4
What is the units digit of 1898594?
4
What is the hundred thousands digit of 49879507?
8
What is the ten millions digit of 57306041?
5
What is the ten millions digit of 98162564?
9
What is the hu